h and i?
14
Let r be 99/6 + 2/4. Suppose b + 5*x = r, 2*b - 7*x + 3*x = 20. Let j = 799 + -791. Calculate the greatest common divisor of b and j.
4
Suppose -2*z = 2*j - 40, -5*j - z = 2*z - 104. Let g = -425 - -711. Calculate the greatest common divisor of g and j.
22
Let o be 12/54 - 430/(-9). Suppose -b - o = -h, h + 2*b + 3*b = 24. Calculate the greatest common factor of h and 22.
22
Suppose 2*t + 2*k - 178 = 0, 5*k - 20 = -t + 61. Let q = t - 69. What is the highest common divisor of q and 176?
22
Let j be ((-36)/(-16))/(2/72). Let c = -6 + j. Calculate the highest common divisor of c and 30.
15
Let f be 8/(520/429)*10. Calculate the greatest common divisor of f and 220.
22
Let r = 239 + -209. Calculate the greatest common divisor of 30 and r.
30
Let d(u) = 2*u - 31. Let m be d(8). Let p be -62*(m/(-6))/(-5). What is the greatest common divisor of p and 31?
31
Suppose -618 - 438 = -32*s. What is the highest common divisor of s and 77?
11
Suppose -5*s = -2*i - 13, 0*s - 15 = -5*i + 3*s. Suppose -i*f + 7*f = 11. Let b = 151 + -63. Calculate the greatest common divisor of b and f.
11
Suppose 3*n + 1 + 11 = 0, 3*y = 4*n + 31. Suppose -6 = -4*c + 2. Suppose -c*x + 2 + 8 = 0. What is the greatest common divisor of y and x?
5
Suppose 0 = -2*i - 0*i - 320. Let s = -56 - i. Suppose s + 28 = 6*o. Calculate the highest common divisor of 176 and o.
22
Let l = 32 + -11. Suppose 0 = 2*r - 19 - 37. Calculate the greatest common factor of r and l.
7
Suppose i + 770 = 6*i. What is the highest common factor of i and 28?
14
Let o be (182/(-273))/(4/(-330)). What is the greatest common divisor of o and 715?
55
Let j be -1*(-2)/4*2. Let z = j + 23. Let h be 1/(-4) - (-4542)/z. What is the highest common divisor of 21 and h?
21
Let o = 351 - 327. Calculate the greatest common divisor of 228 and o.
12
Let s = -2405 + 2410. Let p = 44 + -24. Calculate the greatest common divisor of p and s.
5
Let d be (-1)/4 - 14/(-56). Suppose 0*i - i - 4 = d, 3*f = 3*i + 168. What is the greatest common divisor of 4 and f?
4
Let j = 574 - 547. Calculate the highest common divisor of 9 and j.
9
Let i = -1421 + 1548. What is the greatest common factor of i and 1?
1
Suppose a - 5*a + 24 = 0. Suppose a*n - 132 = 4*n. Suppose -3*y + 36 = -3*d, 34 = 2*y + y - d. What is the highest common divisor of n and y?
11
Suppose 2*n + 8*n - 50 = 0. Suppose -1097 = -n*d - 292. Calculate the greatest common factor of 23 and d.
23
Let g(f) = 4 - 6*f + 0*f**2 + 3*f**2 - 2*f**2 - f. Let u be g(9). What is the greatest common divisor of 2 and u?
2
Suppose -10*d = t - 112, 4*d + 5 = 5*d - 3*t. What is the highest common divisor of 1639 and d?
11
Let b(d) = -8*d - 1. Let f be b(-3). Suppose c - 289 = -197. What is the highest common divisor of f and c?
23
Suppose -98*y = -102*y + 572. Calculate the greatest common divisor of 11 and y.
11
Suppose 49*p - 44*p + 30 = 0. Let s(c) = -12*c - 18. Let i be s(p). What is the highest common factor of i and 54?
54
Suppose -3*l = -2*o - 480, -o - 48 = l - 208. Suppose 5*a - 105 - l = 0. Calculate the highest common factor of a and 53.
53
Let c(l) = l**2 - l. Suppose 0 = v - 3*v + 8. Let n be c(v). Let k(m) = 2*m**2 + 5*m + 6. Let u be k(6). What is the greatest common divisor of n and u?
12
Let q = 1 - -4. Let a be (-988)/(-20) - q/((-25)/3). What is the greatest common factor of a and 20?
10
Let w(q) = -48*q - 255. Let f be w(-7). Calculate the highest common divisor of f and 2.
1
Suppose 20 = w + w. Let l be (-2)/(2 - (-165)/(-81)). Let i be -4 + l/12 + 118/4. Calculate the greatest common divisor of w and i.
10
Let l = -190 - -357. Let k = l - 87. Calculate the greatest common factor of k and 8.
8
Let n be (-96)/(-80)*3125/15. What is the greatest common factor of 75 and n?
25
Let a = 28 + 49. Let v be ((-14)/3)/(128/(-12) - -10). Calculate the greatest common factor of a and v.
7
Let q(n) be the third derivative of n**5/60 - n**4/4 + n**3 + 15*n**2. Let f be q(6). What is the highest common factor of f and 9?
3
Let m be (4/(-18))/(-1) - (-419560)/1224. Calculate the highest common factor of 98 and m.
49
Let k = 351 - 330. Calculate the highest common divisor of 56 and k.
7
Suppose 216*z - 224*z = -360. Calculate the greatest common factor of 36 and z.
9
Suppose n + 4*j - 37 = 0, -j - 51 = -n + 2*j. Let c be (-5 - -2 - n)/(-1). Calculate the greatest common factor of c and 6.
6
Let x(s) = -s**3 + 10*s**2 - 6*s - 17. Let c be x(9). What is the greatest common divisor of c and 14?
2
Suppose -86*v + 78*v + 7040 = 0. Calculate the greatest common divisor of v and 80.
80
Suppose 2*l - 13*l + 330 = 0. Calculate the greatest common divisor of l and 12.
6
Suppose -g + 122 + 88 = 0. Let p(q) = 3*q**3 + 3*q**2 - 4*q + 2. Let h be p(2). What is the highest common factor of g and h?
30
Let p be (7/(-21))/((-2)/12). Suppose -38 = -p*m + 8. Suppose 207 = -16*s + 17*s. Calculate the greatest common divisor of s and m.
23
Let c = -18 + 48. Suppose -2*m + 63 = 3*h - 84, -5*m - 5*h + 370 = 0. Calculate the greatest common divisor of m and c.
15
Let o be -18*6/(-4) + -1. Suppose 4*c + c = 1430. What is the highest common divisor of o and c?
26
Let z be 4/(-6) - 544/(-6). Let u be (-1 - 2 - -2)/(1/(-16)). Suppose u*t + 40 = 20*t. What is the highest common divisor of t and z?
10
Suppose 4*q - 3*y = 75, -5*q + 89 = -4*y + 5*y. What is the greatest common divisor of q and 24?
6
Suppose -2*m + 5*m = 6. Suppose 3*u = c + 22, -5*u = -c - 33 - 7. Suppose 5*n - u = -2*s + 29, -2 = -n. Calculate the highest common factor of m and s.
2
Let w(h) = 743*h**2 - h**3 - 2 - 2*h + 0*h**3 - 754*h**2. Let u be w(-11). What is the greatest common divisor of u and 180?
20
Let n = 5 - -2. Suppose -4*i = 2*k - 28, 0 = -k - 2*k - 4*i + 34. Let m(z) = 8*z - 27. Let r be m(k). Calculate the highest common divisor of n and r.
7
Let l(h) = h**2 + 5*h - 15. Let w be l(-7). Let a be (-3)/15 - ((-86)/5 + w). What is the highest common factor of a and 126?
18
Let x(w) = -6*w + 15. Suppose 2*j + 2*r + 12 = 0, -5*j = -j - 4*r. Let f be x(j). What is the greatest common divisor of f and 22?
11
Let p = -11 - 6. Let r = -12 - p. Suppose -4*x = r*q - 28 - 16, 5*x + 2*q = 38. What is the highest common divisor of 6 and x?
6
Let r(v) = 6*v**2 + 14*v + 4. Let o be r(-11). Suppose 7*a - o = -a. Calculate the greatest common divisor of a and 9.
9
Let q = 755 - 365. What is the greatest common divisor of q and 30?
30
Let s = -459 - -719. What is the greatest common divisor of s and 10?
10
Suppose -493 + 53 = -i. Calculate the greatest common factor of i and 80.
40
Suppose 0 = -0*c + 7*c + 21. Let d be (-14 + 1)*-4 - c. Calculate the highest common divisor of d and 11.
11
Let s be (4/(-2))/(1 - (-35)/(-30)). Calculate the greatest common divisor of 128 and s.
4
Let f(c) = -c**3 - 6*c**2 + 8*c + 15. Let j be f(-6). Let b = j + 36. Let t = b + 15. Calculate the highest common divisor of 45 and t.
9
Suppose 5*j + 39 + 10 = i, -3*i - 3*j + 57 = 0. What is the greatest common divisor of 128 and i?
8
Suppose 2 = 2*o - 56. Suppose -3*l - 2*i + 2352 = -3*i, 4*l = 5*i + 3147. Suppose 2*u = 5*u - l. Calculate the greatest common divisor of o and u.
29
Let r(b) be the first derivative of 13/2*b**2 + 8*b - 1/4*b**4 - 4 - 13/3*b**3. Let g be r(-14). What is the highest common factor of 55 and g?
11
Let z(n) = -2*n**3 - 5 + n + 3*n**3 + 24*n**2 + 2*n - 17*n**2. Let l be z(-6). Suppose 3*c = c + 78. Calculate the highest common factor of l and c.
13
Let g be -3 - ((-6)/2 - 165). Let j = -97 + g. Calculate the highest common factor of j and 170.
34
Let u = -7 + 115. Suppose 0 = -5*z + 83 - 23. Calculate the greatest common divisor of z and u.
12
Suppose -13*q + 31 = -125. What is the greatest common factor of q and 2244?
12
Let q = 117 + -45. Calculate the greatest common factor of q and 8.
8
Let w(r) = 2*r - 16 - 16 + 48*r**2 + 33. Let j be w(-1). Suppose -23 = -3*p + 5*l + 5, -4*p + j = 3*l. What is the greatest common factor of 121 and p?
11
Let i = 3 + -1. Let m(z) = 46*z + 676. Let w be m(-14). What is the highest common factor of w and i?
2
Let r(q) = -q**3 - 5*q**2 - 2*q - 3. Let m be r(-2). Let n = m + 35. Let a be (n/(-4) - 1)*-3. What is the highest common factor of 168 and a?
21
Let d(k) = 10*k - k**2 - 2*k - 2*k**2 + 2*k*